= n - 1. Let w be (-172)/i - 10/15. What is the greatest common factor of 7 and w?
7
Suppose -4*u + 24 = -4*c, 0*c - 5 = c. Let i be (-1)/((-2 - u)/9). Suppose -3*g = -0*g - 9. What is the greatest common divisor of i and g?
3
Suppose 0 = -4*y - 0*n + 5*n + 735, -2*n + 10 = 0. What is the highest common factor of y and 10?
10
Let v(g) = -2*g**2 + 16. Let i be v(0). What is the greatest common factor of i and 8?
8
Suppose -2*x - 2*i = 3 - 13, -x + 5 = 5*i. Let z be ((-8)/10)/((-1)/x). Let d be (-25)/(-10)*12/15. What is the highest common factor of z and d?
2
Let k be (-1 - -2) + -1*11. Let s be 14/(-35)*k/4. Calculate the greatest common factor of 2 and s.
1
Let x = -103 - -373. Calculate the greatest common divisor of x and 30.
30
Suppose 4*b - 160 = -t - 0*b, -851 = -5*t - 3*b. Suppose z + t = 4*v, v - z + 38 = 2*v. Calculate the highest common divisor of v and 28.
14
Let a = 8 + 3. Let d be ((-8)/(-2))/(a/44). Calculate the highest common divisor of d and 128.
16
Suppose -4*b = 2*f - 4, 3*f - 2*f + 13 = 3*b. Suppose -253 = -b*x + 143. Suppose t + 3 = 15. What is the greatest common factor of x and t?
12
Suppose -b + 3*x + 16 = 2*x, 0 = 2*x. Let m be (-4)/(-16) + 127/4. Calculate the greatest common factor of m and b.
16
Let u be 96/(-28)*7*-4. Suppose 3*h = -2*f + 44, -3*h + f - 5*f + 52 = 0. Calculate the greatest common factor of h and u.
12
Suppose -1 = u - 3. Suppose -6*n + 2*o = -5*n - 1, -u = -n + o. Suppose n*f = -j - j + 23, 2*j - 5*f + 17 = 0. Calculate the highest common divisor of 8 and j.
4
Suppose 6*g = 2*g. Suppose -84 = -2*h - g*h. Calculate the greatest common divisor of h and 63.
21
Let p be (15/(-30))/((-1)/4). Suppose -189 = q - p*q. Calculate the highest common factor of q and 27.
27
Suppose 5 = -4*v + 85. What is the greatest common factor of 180 and v?
20
Suppose -4*b = b. Suppose b = 3*p - 25 - 269. Suppose 5*z - 265 = -4*v, -2*v - z + 27 = -p. What is the greatest common divisor of v and 15?
15
Let q be (-4)/(-14) - (-180)/105. Suppose u = -q*k + 11, u - 18 = -4*k + 3*u. What is the highest common divisor of k and 2?
1
Let z be -9*(4/(-2) + 3). Let h be 0 - -1 - (z - 1). Suppose 0 = 5*o + 2*q - 385, o + 19 = 5*q + 96. Calculate the greatest common divisor of h and o.
11
Suppose -26 = 4*t - 146. Let c = 9 - 7. Suppose 50 = 4*n + c. Calculate the highest common divisor of t and n.
6
Let s = -11 + 22. Suppose -5*f - 3*o = 2, -2*f + 2*o - 5 = -17. Suppose -5*z + 0*z = -4*h - 625, f*h = -10. Calculate the greatest common factor of z and s.
11
Let r = 58 + -44. What is the highest common factor of r and 35?
7
Let k(r) = 5*r - 13. Let b be k(6). What is the greatest common divisor of 153 and b?
17
Suppose 12*v - 4*v = 112. What is the greatest common factor of 14 and v?
14
Let u be 657/39 - -2*(-5)/(-65). Calculate the greatest common factor of u and 153.
17
Let u be (-1)/3 + (-385)/(-21). Let b(p) = p**2 - 14*p. Let g be b(u). Calculate the greatest common divisor of g and 8.
8
Suppose 4*m = -12, -42 = -3*i + 3*m + 78. Calculate the highest common divisor of i and 333.
37
Let r = 62 - 37. What is the highest common factor of r and 5?
5
Suppose -m = 4*z - 3*m - 16, 5*m - 50 = -5*z. Calculate the highest common divisor of 9 and z.
3
Let z(s) = s**3 - 3*s**2 - 8*s + 8. Let u be z(6). Calculate the greatest common factor of 17 and u.
17
Suppose 0 = -2*b + 4*b. Suppose 31 = 3*u + 4*x, -1 + b = -u + x. What is the highest common divisor of 2 and u?
1
Suppose 276 = 6*h + 6*h. What is the greatest common divisor of h and 161?
23
Let o(f) be the first derivative of f**3/3 - 4*f**2 + 7*f + 1. Let y be o(8). Suppose y + 20 = 3*t. Calculate the highest common factor of t and 63.
9
Let n(d) = d**2. Let g be n(-2). What is the greatest common divisor of 20 and g?
4
Suppose 2*l = -2, -j + 0*l + 14 = -l. Calculate the greatest common divisor of 65 and j.
13
Let a(j) = -2*j + 12. Let c be a(5). Let s = 14 - c. What is the highest common factor of 120 and s?
12
Suppose u = 4*r + 42, 0 = 5*u - 3*r - r - 226. What is the highest common factor of u and 184?
46
Let y(n) = n**2 - 7*n - 6. Let k be y(8). Suppose -4*u + 3*l + 10 + 24 = 0, 3*u = -4*l + 38. Calculate the highest common divisor of u and k.
2
Let h(o) = o**3 + 7*o**2 - 7*o + 9. Suppose -29 = 4*b - q, b + 2*q - 1 = -15. Let v be h(b). Calculate the highest common divisor of 4 and v.
1
Suppose 2*k - 4*k + 18 = 0. Calculate the highest common factor of 54 and k.
9
Let u(g) = -11*g + 2. Let k be u(-4). Calculate the highest common factor of 23 and k.
23
Let t(z) = -z**3 + 18*z**2 + 22*z - 30. Let c be t(19). What is the highest common divisor of c and 18?
9
Suppose 0 = -p - 4*p + 10. Suppose 4*a - 2*a = p*u - 40, 4*a - 20 = -u. What is the greatest common divisor of 180 and u?
20
Let d be -3*(-9)/((-27)/(-20)). Calculate the highest common divisor of 4 and d.
4
Let b = -19 - -36. Calculate the greatest common factor of b and 34.
17
Suppose 7*i - 2*i = 0. Suppose i = -h - h + 8. Suppose -r + 16 = h. Calculate the greatest common factor of 60 and r.
12
Suppose 3*b - 36 + 0 = 0. What is the highest common factor of 4 and b?
4
Let f = -61 + 107. Suppose 0 = -5*t + f + 129. What is the greatest common divisor of 35 and t?
35
Let d be (0 + 0)/(-1*2). Suppose i = -d*i + 1. Let w be (-1)/(4/(-6)*39/104). What is the greatest common divisor of w and i?
1
Let u(h) = -h**2 + 16*h - 15. Let w be u(6). Calculate the highest common divisor of w and 15.
15
Let u(t) = -2 + 8 + t**3 + 3. Let a be u(0). Suppose -d + 73 = -8. Calculate the highest common divisor of a and d.
9
Let m(g) = -3*g + 0*g**2 + g**2 + 2*g + 3. Let o be m(4). Suppose -5*d + o = -r, -4*d = 4*r - 0*r - 36. What is the greatest common divisor of r and 5?
5
Let r(l) = -l**3 - 3*l**2 + 2*l - 2. Let n be r(-4). Suppose 2*m = -m + n. What is the highest common factor of 8 and m?
2
Suppose 5*u - 3*z = 15, -4*u + 2*z + 12 = z. What is the highest common factor of u and 6?
3
Suppose 3*r - p - 4 = 0, r - 7 = 2*r - 2*p. Let l be (2 - (-3)/r) + 114. What is the greatest common divisor of l and 13?
13
Let c = 3 - 3. Suppose 3*v + 71 = -m, c = 2*m + m - 3*v + 261. Let h = -32 - m. What is the highest common factor of 34 and h?
17
Let q(p) = 4*p**2 + 4*p + 6. Let r be q(-4). What is the highest common divisor of r and 6?
6
Let m(v) = -v - 2. Let i be m(-8). Let s = 73 - 67. What is the greatest common divisor of i and s?
6
Let s(m) = 8 + 10*m - 8*m**2 - m**3 + 8 - 5. Let a be ((-5)/(-2) - -2)*-2. Let k be s(a). Calculate the greatest common factor of 6 and k.
2
Let f = 19 - 3. Let v be -14*(-3)/2 + 2/(-2). Let l be ((-45)/v)/((-6)/f). Calculate the greatest common divisor of 18 and l.
6
Let j(n) = n**2 - n + 6. Let h(k) = k**2 - 13*k. Let z be h(13). Let w be j(z). Let p be (-416)/(-10) - 4/(-10). Calculate the highest common factor of p and w.
6
Let o(h) = -h - 5. Let n be o(-14). Let t(p) = p**2 - 7*p + 7. Let f be t(n). What is the highest common factor of 100 and f?
25
Suppose 0 = 2*r - 29 + 3. Let n = 89 - -2. What is the greatest common divisor of r and n?
13
Let t(b) = b - 3. Let d be t(15). Calculate the greatest common factor of 132 and d.
12
Let q be (-60)/18 + 2/6. Let k be (2 + q/9)*3. Suppose 36 = -r + k*r. Calculate the highest common divisor of 81 and r.
9
Suppose -4*y - 20 = -2*c, 0 = -5*c + y + 4*y + 30. Let g be (4/(-10))/(9/(-225)). What is the greatest common divisor of c and g?
2
Suppose -3*t - 4*p - p = -21, 3*t - 3 = p. Suppose -t*y + 36 = -0*y. What is the highest common factor of 9 and y?
9
Suppose 3*s + 14*s - 102 = 0. Calculate the highest common divisor of s and 3.
3
Let k = -40 + 42. Let a(i) = -i**3 + 3*i**2 + i - 2. Let y be a(3). What is the highest common divisor of y and k?
1
Let h(a) = a**2 - 15*a + 19. Let n be h(14). Suppose -2*w - 11 = -0*w - n*k, 2*k = 5*w - 25. Calculate the highest common divisor of w and 63.
7
Let t = -13 + 49. Let l = -5 - -3. Let p be 9/15*(l - -17). What is the highest common factor of t and p?
9
Let w = -6 - -14. Let g(a) = 3*a + 4. Let x be g(w). What is the greatest common factor of x and 7?
7
Let h be (51/9)/((-4)/(-12)). Let k = h - 9. Calculate the highest common divisor of 16 and k.
8
Let y = 672 + -266. Calculate the greatest common factor of 14 and y.
14
Let o be (-978)/(-27